u. What is the units digit of m?
0
Suppose -10*u + 1777 = -973. What is the units digit of u?
5
Suppose 0 = -13*n + 9*n + 8. What is the units digit of 2*n + (11 - 10)?
5
Let i(h) = -38*h + 123. What is the units digit of i(-9)?
5
Suppose 5*q + 4*t = 5*t - 19, 4*q = -4*t - 20. What is the units digit of 418*(-6)/(-12) - 1*q?
3
Let g(l) = l**3 - 9*l**2 - 9*l - 10. Let h be g(10). Suppose h = 4*q - q - 2*r + 17, 0 = -5*q + 4*r - 29. What is the units digit of (18/q)/((-6)/15)?
9
What is the units digit of 294/(24/1092*13)?
9
Let t(g) = 5*g**2 + 5 + 3 + 4 + g**3 - 7. Suppose 6*a + 15 = -p + a, -2*a = 2*p + 14. What is the units digit of t(p)?
5
Suppose 5*l + 183 = 28. Let v = l - -15. Let r = 18 - v. What is the tens digit of r?
3
Suppose -19*b + 17*b + 2 = 0, -5*j - 2*b + 437 = 0. What is the units digit of j?
7
Let o = -363 + 743. Suppose -k = k - o. What is the tens digit of k?
9
Let g(i) = 9*i - 1. Let x = -5 + 9. Suppose 0*m - t - 15 = -x*m, 4*m = -4*t. What is the tens digit of g(m)?
2
Suppose 0 = -z + 5, 29*r - 32*r + 3113 = -5*z. What is the thousands digit of r?
1
Let d(p) = -p**3 + 2*p**2 + 5*p + 147. Let k(u) = -2*u**3 + 2*u**2 + 6*u + 147. Let a(c) = 3*d(c) - 2*k(c). What is the tens digit of a(0)?
4
Let b be 1569*2/(-7) - (-12)/42. What is the tens digit of 2/3 - b/3?
5
Suppose -2412*q = -2421*q + 35001. What is the units digit of q?
9
Let m(s) = s**2 + 14*s - 21. What is the units digit of m(14)?
1
Let r(y) = -6. Let m(d) = 1. Let j(l) = -5*m(l) - r(l). Let g(c) = -c**2 + 2*c + 9. Let k(a) = -g(a) + 5*j(a). What is the units digit of k(-5)?
1
Suppose -7*d + 35 = -2*d. What is the units digit of (-48)/(-16) + -1 + d?
9
Suppose 4*z + 27 = u, -2*u + 2*z + 38 = -40. Let d = -26 + u. Suppose 0 = 3*c - 40 - d. What is the tens digit of c?
1
What is the units digit of 53/(15/14 + (-312)/546)?
6
Let l = -29 - -40. Suppose -5*s + 119 = -l. What is the tens digit of s?
2
Let j(n) = 3 - n - 3*n**3 + n**3 + 5*n**3 + 14*n**2. Let k(c) = 4*c**3 + 21*c**2 - 2*c + 4. Let h(o) = -7*j(o) + 5*k(o). What is the tens digit of h(4)?
3
What is the tens digit of (-1)/(3/(-15) + (-342)/(-1935))?
4
Let z(a) = -a**3 + 7*a**2 + a - 2. Let c be z(7). Suppose -4*s - s - 4*o = 0, -5*o = 0. Suppose s = -c*v - 163 + 503. What is the units digit of v?
8
Let r be 3 - (4 - 4) - 0. Suppose -c - 4*c + r*f = -108, 2*c - 39 = -3*f. What is the units digit of c?
1
Let u be -5 - -3 - (-3 - 83). Let l be u/(-22) - (-4)/(-22). What is the tens digit of (-362)/(-12) + l/24?
3
Suppose -4 = 3*i - 10. Suppose -i*x - 160 = -7*x. What is the tens digit of x?
3
Suppose -4*h - d = -519, 2*d + 2*d = 5*h - 633. Suppose -2*x = -h + 13. What is the tens digit of x?
5
Let q = 35 - -23. Let w = q - 32. Let l = w - -8. What is the units digit of l?
4
Let o = 360 - 113. What is the tens digit of o?
4
Suppose 3*l = 2*b + b - 30, -2*l + 28 = 2*b. Suppose -b*x + 20*x = 2280. What is the hundreds digit of x?
2
Suppose 0*q + 4*q = -5*j + 187, 236 = 5*q + 4*j. Suppose 35*n = 31*n + q. Suppose -8*g + n*g - 188 = 0. What is the units digit of g?
7
Let l be (-12 - -12)*((-2)/(-3))/2. Suppose l = 4*g - 464 - 332. What is the hundreds digit of g?
1
Suppose -11 = -k + 5. Let u be (-12)/15*-34 + (-20)/(-25). Let q = u - k. What is the units digit of q?
2
Let d(b) be the second derivative of -b**3/6 - b**2 - 3*b. Let h be d(-5). Let t(c) = 2*c**3 - 5*c**2 + 3*c. What is the tens digit of t(h)?
1
Suppose -2*z - 20 = 3*a, 2*z - 28 = 7*z + 2*a. Let v = z - -14. Suppose m + v - 42 = 0. What is the tens digit of m?
3
Let d be 7 - 3 - (-1 + -66). Let v = d + 4. What is the tens digit of v?
7
Let d(c) = -c + 8. Suppose -2*z = 3*x - 8, -5*x + 3*z = 12 - 0. Suppose x = q + 2*u + 7, 2*q + u + 16 = -u. What is the tens digit of d(q)?
1
Suppose 52 = 2*j + 2*j. Let q = j - 6. Suppose 4*r + 3 = q. What is the units digit of r?
1
Suppose -2*a + 3*g - 16 = 0, -3*g = -3*a - 4*g - 2. Let q = a + 139. What is the hundreds digit of q?
1
Let d(u) = 2*u**2 + 3*u + 11. Let k(z) = z**2 + 9*z - 4. Let r be k(-10). What is the units digit of d(r)?
1
Suppose 1116 = 12*s - 1176. What is the tens digit of s?
9
Let w = -191 - -1855. What is the tens digit of w?
6
Suppose 0*s - 5*s + 380 = 0. Suppose -5*u = -a + 78, -a - 3*u = -2*a + s. What is the units digit of a?
3
Suppose 308 = b - 29. What is the units digit of b?
7
Suppose -8586 = 4*p - 10*p. What is the hundreds digit of p?
4
Let i(o) = -o**3 + 3*o**2 + o. Let k be i(4). What is the units digit of ((-56)/k)/((-240)/(-117) - 2)?
1
Let y(u) = 2*u**2 - 15*u - 807. What is the tens digit of y(53)?
1
Suppose 19 = v + 3. Suppose -18*x + 14*x = -v. Suppose l - 34 = -l - m, 4*l + x*m = 68. What is the tens digit of l?
1
Let h = 191 - 107. Let w = 200 - h. Let k = w - 83. What is the tens digit of k?
3
Let r(k) = 2*k**3 + 21*k**2 + 30*k - 56. Let j(q) = 3*q**3 + 20*q**2 + 29*q - 57. Let u(l) = -3*j(l) + 4*r(l). What is the units digit of u(25)?
7
Suppose g = -3*p + 64, 5*p - 67 = g + 29. What is the tens digit of ((-10)/(-4))/5 - (-1510)/p?
7
Suppose 6*q - 2*q - 1284 = -2*w, -2*q = 4*w - 2550. What is the units digit of w?
6
Let k(z) = 55*z + 184. What is the thousands digit of k(16)?
1
Let t(u) = 5*u + 16. What is the units digit of t(-3)?
1
Let l = 3097 - 2389. What is the units digit of l?
8
Let l = -1864 - -3035. What is the thousands digit of l?
1
Let t(l) = 18*l**3 - 1. Let z be (-2)/((-52)/(-44) - 1). Let h be (-13)/z + 4/(-22). What is the units digit of t(h)?
7
Let m = 656 - 28. What is the units digit of m?
8
Let k(a) = -139*a**3 + 2*a**2 - 4*a - 12. What is the units digit of k(-2)?
6
Suppose 580 = 5*y + 5*i, -3*i + 119 - 707 = -5*y. What is the tens digit of y?
1
Suppose 15 = 7*d - 2*d. Suppose -d*n = -69 - 39. What is the units digit of n?
6
Let k(u) = u - 3. Let v be k(3). Suppose 3*a + 50 = -0*w + w, 5*a + 4*w + 106 = v. What is the units digit of 4/a + (-560)/(-9)?
2
Suppose -5*m = -4*j - 0*m + 2402, m = -3*j + 1792. What is the units digit of j?
8
Suppose n + 2*o = 0, -3*n + 0*n + 4 = 2*o. Suppose -n*d = 4, -a - 2*d + 68 = -108. What is the hundreds digit of a?
1
Suppose -2*w + 20 = 4*r - w, 0 = 2*r - 2*w - 20. Suppose -2*g + 169 = -t, -16 = -2*t - r. What is the tens digit of g?
8
Suppose s = c - 497 - 112, -2*s + 1832 = 3*c. What is the tens digit of c?
1
Suppose 5*r = -5*j + 10, r - j - 16 = -r. Let u(w) = 8*w**2 - 18*w - 12. What is the tens digit of u(r)?
6
Let g(i) = -i**3 - 6*i**2 + 40*i - 34. What is the hundreds digit of g(-15)?
3
Suppose 2*i = -4*k + 172 + 2174, 4*i + 5*k - 4695 = 0. What is the thousands digit of i?
1
Let x(i) = -5*i - 3*i - 19 - 10*i. Let u be x(-9). Suppose 0 = -6*k + 509 - u. What is the units digit of k?
1
Let r(n) = -5*n + 34. Let g(d) = -14*d + 102. Let m(p) = 2*g(p) - 7*r(p). What is the units digit of m(6)?
8
Let l be (2/2 - 2)*-25. Suppose -3 - 15 = -3*n. Suppose -l = -j + n. What is the units digit of j?
1
Let b be (-5)/(-4)*11 - (-1)/4. Suppose -94 = -b*l + 74. What is the units digit of l?
2
Let j(g) = 2*g**2 - 14*g + 1. What is the hundreds digit of j(-10)?
3
Let s(q) = 3*q**2 - 7*q - 55. What is the thousands digit of s(20)?
1
Let l = 341 - -99. Suppose -5*w = -9*w + l. What is the tens digit of w?
1
Let t = 2373 - 1382. What is the units digit of t?
1
Let d(r) be the second derivative of r**5/20 + 13*r**4/12 + 5*r**3/6 - r**2 + 9*r. What is the tens digit of d(-12)?
8
Suppose 4*w = 2*t + 3*t - 20, -5*w = -t + 4. Let j = t + 11. Let o = -1 + j. What is the tens digit of o?
1
What is the hundreds digit of 666 + (8 - 1)/7?
6
Let g(j) be the second derivative of -j**4/12 + j**3/3 + j**2 + 2*j - 6. What is the units digit of g(2)?
2
Let x be (24/(-18))/((-2)/3). Let r(b) = -7*b - 2. Let t be r(-4). Suppose -2*o = 5*i - 55, x*o + t = 3*o + 4*i. What is the units digit of o?
0
Let o(i) = 9*i**2 - i + 1. Let t be o(1). Suppose -x - t = 4*u, 4*x + 3*u - 24 = 2*u. What is the units digit of x?
7
Let x(j) = j**3 + 3*j**2 - 8*j - 7. Let y be x(-4). Let o(r) = -r**2 + 19*r - 14. What is the tens digit of o(y)?
7
Let p(g) = 2*g**2 + 12*g + 10. What is the tens digit of p(16)?
1
Let s(z) = -z**3 - z**2 + 2*z - 1. Suppose 5*v = -4 - 6. Let q be s(v). Let j = q + 19. What is the units digit of j?
8
What is the units digit of 33 + 0 + (-3 - 